actors of 230793?
3, 19, 4049
What are the prime factors of 5085914?
2, 2542957
List the prime factors of 100191.
3, 7, 13, 367
List the prime factors of 496053.
3, 55117
List the prime factors of 5368245.
3, 5, 357883
List the prime factors of 2956689.
3, 109507
What are the prime factors of 588346?
2, 11, 47, 569
List the prime factors of 20603921.
13, 59, 26863
What are the prime factors of 679887?
3, 13, 149
List the prime factors of 778751.
31, 25121
What are the prime factors of 913483?
913483
What are the prime factors of 239428?
2, 7, 17, 503
List the prime factors of 8830260.
2, 3, 5, 49057
List the prime factors of 5690010.
2, 3, 5, 241, 787
List the prime factors of 15843537.
3, 571, 3083
List the prime factors of 530763.
3, 176921
List the prime factors of 4170048.
2, 3, 37, 587
List the prime factors of 1323268.
2, 37, 8941
What are the prime factors of 1148238?
2, 3, 7, 13, 701
What are the prime factors of 133722?
2, 3, 17, 19, 23
List the prime factors of 17812955.
5, 67, 53173
List the prime factors of 137048.
2, 37, 463
List the prime factors of 15291137.
15291137
List the prime factors of 49836.
2, 3, 4153
List the prime factors of 890528.
2, 17, 1637
What are the prime factors of 583245?
3, 5, 13, 997
List the prime factors of 15799765.
5, 3159953
List the prime factors of 785028.
2, 3, 65419
List the prime factors of 2294391.
3, 11, 251, 277
List the prime factors of 644372.
2, 161093
List the prime factors of 1104630.
2, 3, 5, 36821
What are the prime factors of 1845654?
2, 3, 307609
What are the prime factors of 1955299?
23, 151, 563
What are the prime factors of 722003?
739, 977
List the prime factors of 405335.
5, 7, 37, 313
What are the prime factors of 575650?
2, 5, 29, 397
List the prime factors of 7615.
5, 1523
List the prime factors of 12046922.
2, 6023461
List the prime factors of 402584.
2, 7, 13, 79
List the prime factors of 4202639.
7, 31, 107, 181
List the prime factors of 2940934.
2, 19, 193, 401
List the prime factors of 3247280.
2, 5, 40591
List the prime factors of 15254548.
2, 113, 33749
What are the prime factors of 26917?
11, 2447
List the prime factors of 1670096.
2, 104381
What are the prime factors of 3826640?
2, 5, 31, 1543
What are the prime factors of 338707?
338707
What are the prime factors of 17103951?
3, 397, 4787
List the prime factors of 1171273.
31, 37783
List the prime factors of 140779.
140779
List the prime factors of 636081.
3, 149, 1423
What are the prime factors of 4729499?
19, 59, 4219
List the prime factors of 916590.
2, 3, 5, 30553
List the prime factors of 22159083.
3, 7386361
What are the prime factors of 20756521?
20756521
List the prime factors of 9073565.
5, 1814713
List the prime factors of 32573699.
29, 1123231
What are the prime factors of 615611?
83, 7417
List the prime factors of 18388487.
13, 31, 103, 443
List the prime factors of 117516.
2, 3, 7, 1399
What are the prime factors of 669815?
5, 133963
List the prime factors of 1035585.
3, 5, 2557
What are the prime factors of 14616976?
2, 11, 53, 1567
List the prime factors of 19279548.
2, 3, 29, 59, 313
What are the prime factors of 192415?
5, 29, 1327
What are the prime factors of 8431448?
2, 307, 3433
What are the prime factors of 359843?
11, 32713
List the prime factors of 128024.
2, 13, 1231
What are the prime factors of 7835893?
13, 23, 73, 359
List the prime factors of 3043375.
5, 97, 251
What are the prime factors of 20975480?
2, 5, 524387
What are the prime factors of 339076?
2, 103, 823
List the prime factors of 5215111.
11, 474101
List the prime factors of 576175.
5, 19, 1213
List the prime factors of 226006.
2, 11, 10273
What are the prime factors of 242192?
2, 15137
What are the prime factors of 2604629?
179, 14551
List the prime factors of 15191171.
139, 293, 373
List the prime factors of 818541.
3, 103, 883
List the prime factors of 8642655.
3, 5, 7, 27437
What are the prime factors of 288185?
5, 57637
What are the prime factors of 373095?
3, 5, 8291
What are the prime factors of 1019956?
2, 7, 73, 499
What are the prime factors of 767851?
7, 43, 2551
List the prime factors of 7282046.
2, 1181, 3083
List the prime factors of 8299952.
2, 518747
List the prime factors of 12435909.
3, 233, 17791
List the prime factors of 11512752.
2, 3, 239849
List the prime factors of 1459580.
2, 5, 19, 23, 167
List the prime factors of 2020179.
3, 7, 96199
What are the prime factors of 10120226?
2, 5060113
What are the prime factors of 370002?
2, 3, 61667
What are the prime factors of 10302?
2, 3, 17, 101
What are the prime factors of 29355?
3, 5, 19, 103
What are the prime factors of 324166?
2, 109, 1487
List the prime factors of 464181.
3, 154727
What are the prime factors of 334448?
2, 20903
List the prime factors of 3697254.
2, 3, 11, 71, 263
What are the prime factors of 6378599?
397, 16067
What are the prime factors of 4491560?
2, 5, 112289
List the prime factors of 109825.
5, 23, 191
List the prime factors of 77593.
31, 2503
List the prime factors of 359574.
2, 3, 59929
What are the prime factors of 26448012?
2, 3, 244889
What are the prime factors of 199684?
2, 49921
List the prime factors of 2945483.
2945483
List the prime factors of 23750485.
5, 11, 37, 1061
What are the prime factors of 4190311?
557, 7523
List the prime factors of 348235.
5, 257, 271
List the prime factors of 2391282.
2, 3, 29, 509
What are the prime factors of 2337488?
2, 146093
List the prime factors of 375310.
2, 5, 13, 2887
What are the prime factors of 3590264?
2, 17, 26399
What are the prime factors of 386759?
439, 881
What are the prime factors of 17548?
2, 41, 107
List the prime factors of 18092789.
11, 13, 23, 5501
What are the prime factors of 502292?
2, 7, 17939
What are the prime factors of 595921?
29, 20549
What are the prime factors of 4622405?
5, 751, 1231
List the prime factors of 1896782.
2, 948391
List the prime factors of 236459.
179, 1321
List the prime factors of 17262.
2, 3, 7, 137
List the prime factors of 131.
131
List the prime factors of 1234888.
2, 163, 947
What are the prime factors of 1302555?
3, 5, 86837
List the prime factors of 747259.
747259
What are the prime factors of 339931?
41, 8291
What are the prime factors of 95731?
95731
What are the prime factors of 25749497?
79, 325943
What are the prime factors of 1421034?
2, 3, 163, 1453
What are the prime factors of 4442337?
3, 164531
List the prime factors of 1233516.
2, 3, 102793
What are the prime factors of 137138?
2, 191, 359
List the prime factors of 106212.
2, 3, 53, 167
List the prime factors of 32508040.
2, 5, 812701
List the prime factors of 17478844.
2, 4369711
What are the prime factors of 764206?
2, 382103
What are the prime factors of 230142?
2, 3, 11, 317
What are the prime factors of 7468213?
7468213
What are the prime factors of 785912?
2, 31, 3169
What are the prime factors of 6351862?
2, 11, 47, 6143
List the prime factors of 2545046.
2, 7, 181789
What are the prime factors of 1496426?
2, 23, 32531
What are the prime factors of 202960?
2, 5, 43, 59
List the prime factors of 163541.
7, 61, 383
List the prime factors of 8900824.
2, 211, 5273
List the prime factors of 61132.
2, 17, 29, 31
What are the prime factors of 7275407?
197, 36931
List the prime factors of 1602944.
2, 7, 1789
List the prime factors of 344896.
2, 17, 317
List the prime factors of 1913542.
2, 113, 8467
List the prime factors of 2524277.
7, 360611
What are the prime factors of 14256?
2, 3, 11
List the prime factors of 705999.
3, 7, 33619
What are the prime factors of 731718?
2, 3, 13, 53, 59
What are the prime factors of 589052?
2, 147263
List the prime factors of 183837.
3, 233, 263
List the prime factors of 182645.
5, 36529
What are the prime factors of 539520?
2, 3, 5, 281
What are the prime factors of 12718329?
3, 13, 17, 19183
List the prime factors of 626541.
3, 31, 6737
List the prime factors of 3672490.
2, 5, 181, 2029
List the prime factors of 20843437.
19, 167, 6569
List the prime factors of 20026048.
2, 7, 44701
What are the prime factors of 272851?
281, 971
What are the prime factors of 487810?
2, 5, 48781
What are the prime factors of 279706?
2, 7, 19979
What are the prime factors of 2983121?
167, 17863
List the prime factors of 662966.
2, 17, 31, 37
List the prim